{"id":72801,"date":"2025-11-22T15:17:41","date_gmt":"2025-11-22T14:17:41","guid":{"rendered":"https:\/\/shop.martinconrad.de\/html\/catalog\/produkt\/artikel-nr-schnupper-fsschnupper-paket-feinherb-suess-mit-je-einer-flasche-23-18-24-18-23-11-24-13-24-22-24-23-zum-vorzugspreis-von-7900-e-statt-8940-e\/"},"modified":"2026-03-17T11:51:34","modified_gmt":"2026-03-17T10:51:34","slug":"artikel-nr-schnupper-fsschnupper-paket-feinherb-suess-mit-je-einer-flasche-23-18-24-18-23-11-24-13-24-22-23-23-zum-vorzugspreis-von-7900-e-statt-8940-e","status":"publish","type":"product","link":"https:\/\/shop.martinconrad.de\/html\/catalog\/produkt\/artikel-nr-schnupper-fsschnupper-paket-feinherb-suess-mit-je-einer-flasche-23-18-24-18-23-11-24-13-24-22-23-23-zum-vorzugspreis-von-7900-e-statt-8940-e\/","title":{"rendered":"<br>Artikel-Nr.: Schnupper-FS<br>Schnupper-Paket feinherb + s\u00fc\u00df mit je einer Flasche: 23-18, 24-18, 23-11, 24-13, 24-22, 23-23 &#8211; zum Vorzugspreis von 79,00 \u20ac statt 89,40 \u20ac<br>"},"content":{"rendered":"<p><!-- IBGHTML --><font face=\"Calibri\" size=\"2\">Dieses Schnupper-Paket&nbsp;enth\u00e4lt je&nbsp;eine Flasche&nbsp;\u00e0 0,75 L:<br \/>22\/23&nbsp;CONRADUS Riesling feinherb (Nr. 23-18)<br \/>2024 CONRADUS Riesling feinherb (Nr. 24-18)<br \/>2023 M\u00fclheimer Sonnenlay Riesling feinherb (Nr. 23-11)<br \/>2024 Brauneberger Juffer Riesling&nbsp;feinherb (Nr. 24-13)<br \/>2024 Brauneberger Juffer Riesling&nbsp;Kabinett (s\u00fc\u00df) (Nr. 24-22)<br \/>2023 Brauneberger Juffer Riesling&nbsp;Sp\u00e4tlese&nbsp;(s\u00fc\u00df) (Nr. 23-23)<\/p>\n<p>Das Paket&nbsp;&nbsp;erhalten Sie&nbsp;zum Vorzugspreis von 79,00 \u20ac statt 89,40 \u20ac (Sie sparen 10,40 \u20ac)<br \/><\/font><\/p>\n<table WIDTH=\"60%\" BORDER=\"0\" align=\"left\" CELLPADDING=\"0\" CELLSPACING=\"0\"><\/p>\n<tr>\n<td width=\"53%\">Artikelnummer:<\/td>\n<td width=\"47%\"><strong>Schnupper-FS<\/strong><\/td>\n<\/tr>\n<p><\/p>\n<tr>\n<td>Inhalt<\/td>\n<td><strong>0,75 Ltr.<\/strong><\/td>\n<\/tr>\n<p><\/p>\n<tr>\n<td>Preis\/Ltr.<\/td>\n<td><strong>105,33 EUR pro Ltr.<\/strong><\/td>\n<\/tr>\n<p><\/p>\n<tr>\n<td>Weinart:<\/td>\n<td><strong><\/strong><\/td>\n<\/tr>\n<p><\/p>\n<tr>\n<td>Qualit&auml;tsstufe<\/td>\n<td><strong><\/strong><\/td>\n<\/tr>\n<p><\/p>\n<tr>\n<td>Rebsorte<\/td>\n<td><strong><\/strong><\/td>\n<\/tr>\n<p><\/p>\n<tr>\n<td>Restzuckergehalt<\/td>\n<td><strong><\/strong><\/td>\n<\/tr>\n<p><\/p>\n<tr>\n<td>Alkoholgehalt<\/td>\n<td><strong><\/strong><\/td>\n<\/tr>\n<p><\/p>\n<tr>\n<td>Bio:<\/td>\n<td><strong>JA<\/strong><\/td>\n<\/tr>\n<p><\/p>\n<tr>\n<td>vegan:<\/td>\n<td><strong>JA<\/strong><\/td>\n<\/tr>\n<p><\/p>\n<tr>\n<td>enth\u00e4lt Allergene:<\/td>\n<td><strong>Sulfite<\/strong><\/td>\n<\/tr>\n<p><\/table>\n","protected":false},"excerpt":{"rendered":"<p>Dieses Schnupper-Paket&nbsp;enth\u00e4lt je&nbsp;eine Flasche&nbsp;\u00e0 0,75 L:22\/23&nbsp;CONRADUS Riesling feinherb (Nr. 23-18)2024 CONRADUS Riesling feinherb (Nr. 24-18)2023 M\u00fclheimer Sonnenlay Riesling feinherb (Nr. 23-11)2024 Brauneberger Juffer Riesling&nbsp;feinherb (Nr. 24-13)2024 Brauneberger Juffer Riesling&nbsp;Kabinett (s\u00fc\u00df) (Nr. 24-22)2023 Brauneberger Juffer Riesling&nbsp;Sp\u00e4tlese&nbsp;(s\u00fc\u00df) (Nr. 23-23) Das Paket&nbsp;&nbsp;erhalten Sie&nbsp;zum Vorzugspreis von 79,00 \u20ac statt 89,40 \u20ac (Sie sparen 10,40 \u20ac) Artikelnummer: Schnupper-FS Inhalt 0,75 [&hellip;]<\/p>\n","protected":false},"featured_media":72798,"comment_status":"open","ping_status":"closed","template":"","meta":[],"product_brand":[],"product_cat":[3929],"product_tag":[],"class_list":{"0":"post-72801","1":"product","2":"type-product","3":"status-publish","4":"has-post-thumbnail","6":"product_cat-01-probierpakete-patenschaften-uvm","8":"first","9":"instock","10":"taxable","11":"shipping-taxable","12":"purchasable","13":"product-type-simple"},"_links":{"self":[{"href":"https:\/\/shop.martinconrad.de\/html\/catalog\/wp-json\/wp\/v2\/product\/72801","targetHints":{"allow":["GET"]}}],"collection":[{"href":"https:\/\/shop.martinconrad.de\/html\/catalog\/wp-json\/wp\/v2\/product"}],"about":[{"href":"https:\/\/shop.martinconrad.de\/html\/catalog\/wp-json\/wp\/v2\/types\/product"}],"replies":[{"embeddable":true,"href":"https:\/\/shop.martinconrad.de\/html\/catalog\/wp-json\/wp\/v2\/comments?post=72801"}],"wp:featuredmedia":[{"embeddable":true,"href":"https:\/\/shop.martinconrad.de\/html\/catalog\/wp-json\/wp\/v2\/media\/72798"}],"wp:attachment":[{"href":"https:\/\/shop.martinconrad.de\/html\/catalog\/wp-json\/wp\/v2\/media?parent=72801"}],"wp:term":[{"taxonomy":"product_brand","embeddable":true,"href":"https:\/\/shop.martinconrad.de\/html\/catalog\/wp-json\/wp\/v2\/product_brand?post=72801"},{"taxonomy":"product_cat","embeddable":true,"href":"https:\/\/shop.martinconrad.de\/html\/catalog\/wp-json\/wp\/v2\/product_cat?post=72801"},{"taxonomy":"product_tag","embeddable":true,"href":"https:\/\/shop.martinconrad.de\/html\/catalog\/wp-json\/wp\/v2\/product_tag?post=72801"}],"curies":[{"name":"wp","href":"https:\/\/api.w.org\/{rel}","templated":true}]}}