{"id":72666,"date":"2025-06-27T12:09:02","date_gmt":"2025-06-27T11:09:02","guid":{"rendered":"https:\/\/shop.martinconrad.de\/html\/catalog\/produkt\/artikel-nr-24-042024-brauneberger-juffer-goldkapsel-riesling-qualitaetswein-trocken-075l-fuelldatum-juli-aug-2025-ab-sofort-vorbestellbar\/"},"modified":"2025-11-04T18:27:12","modified_gmt":"2025-11-04T17:27:12","slug":"artikel-nr-24-042024-brauneberger-juffer-goldkapsel-riesling-qualitaetswein-trocken-075l-voraussichtliches-fuelldatum-dezember-2025","status":"publish","type":"product","link":"https:\/\/shop.martinconrad.de\/html\/catalog\/produkt\/artikel-nr-24-042024-brauneberger-juffer-goldkapsel-riesling-qualitaetswein-trocken-075l-voraussichtliches-fuelldatum-dezember-2025\/","title":{"rendered":"<br>Artikel-Nr.: 24-04<br>2024 Brauneberger Juffer GOLDKAPSEL Riesling Qualit\u00e4tswein  trocken 0,75l &#8211; Voraussichtliches F\u00fclldatum: Dezember 2025!<br>"},"content":{"rendered":"<p><!-- IBGHTML -->Hochwertige handverlesene Selektion von optimal ausgereiften&nbsp;Trauben bei sehr kleiner Erntemenge pro Rebstock,&nbsp;besonders extraktreich, mineralisch-fruchtig und w\u00fcrzig im Geschmack. Der Wein wurde ausschlie\u00dflich mit nat\u00fcrlichen Hefen vergoren und ist zu 100% VEGAN vinifiziert und \u00d6KO-zertifiziert. Ein Wein mit&nbsp;gutem Reifepotential f\u00fcr die kommenden 5-10 Jahre und ein hervorragender Begleiter zu aromatischen Speisen. &#8211;<\/p>\n<table WIDTH=\"60%\" BORDER=\"0\" align=\"left\" CELLPADDING=\"0\" CELLSPACING=\"0\"><\/p>\n<tr>\n<td width=\"53%\">Artikelnummer:<\/td>\n<td width=\"47%\"><strong>24-04<\/strong><\/td>\n<\/tr>\n<p><\/p>\n<tr>\n<td>Inhalt<\/td>\n<td><strong>0,75 Ltr.<\/strong><\/td>\n<\/tr>\n<p><\/p>\n<tr>\n<td>Preis\/Ltr.<\/td>\n<td><strong>33,20 EUR pro Ltr.<\/strong><\/td>\n<\/tr>\n<p><\/p>\n<tr>\n<td>Weinart:<\/td>\n<td><strong>Wei\u00dfwein<\/strong><\/td>\n<\/tr>\n<p><\/p>\n<tr>\n<td>Qualit&auml;tsstufe<\/td>\n<td><strong>Qualit\u00e4tswein<\/strong><\/td>\n<\/tr>\n<p><\/p>\n<tr>\n<td>Rebsorte<\/td>\n<td><strong>Riesling<\/strong><\/td>\n<\/tr>\n<p><\/p>\n<tr>\n<td>Restzuckergehalt<\/td>\n<td><strong>4,5 g\/Ltr.<\/strong><\/td>\n<\/tr>\n<p><\/p>\n<tr>\n<td>Alkoholgehalt<\/td>\n<td><strong>12,5 Vol. %<\/strong><\/td>\n<\/tr>\n<p><\/p>\n<tr>\n<td>Bio:<\/td>\n<td><strong>JA<\/strong><\/td>\n<\/tr>\n<p><\/p>\n<tr>\n<td>vegan:<\/td>\n<td><strong>JA<\/strong><\/td>\n<\/tr>\n<p><\/p>\n<tr>\n<td>enth\u00e4lt Allergene:<\/td>\n<td><strong>Sulfite<\/strong><\/td>\n<\/tr>\n<p><\/table>\n","protected":false},"excerpt":{"rendered":"<p>Hochwertige handverlesene Selektion von optimal ausgereiften&nbsp;Trauben bei sehr kleiner Erntemenge pro Rebstock,&nbsp;besonders extraktreich, mineralisch-fruchtig und w\u00fcrzig im Geschmack. Der Wein wurde ausschlie\u00dflich mit nat\u00fcrlichen Hefen vergoren und ist zu 100% VEGAN vinifiziert und \u00d6KO-zertifiziert. Ein Wein mit&nbsp;gutem Reifepotential f\u00fcr die kommenden 5-10 Jahre und ein hervorragender Begleiter zu aromatischen Speisen. &#8211; Artikelnummer: 24-04 Inhalt 0,75 [&hellip;]<\/p>\n","protected":false},"featured_media":72647,"comment_status":"open","ping_status":"closed","template":"","meta":[],"product_brand":[],"product_cat":[3917],"product_tag":[],"class_list":{"0":"post-72666","1":"product","2":"type-product","3":"status-publish","4":"has-post-thumbnail","6":"product_cat-02-trocken","8":"first","9":"instock","10":"taxable","11":"shipping-taxable","12":"purchasable","13":"product-type-simple"},"_links":{"self":[{"href":"https:\/\/shop.martinconrad.de\/html\/catalog\/wp-json\/wp\/v2\/product\/72666","targetHints":{"allow":["GET"]}}],"collection":[{"href":"https:\/\/shop.martinconrad.de\/html\/catalog\/wp-json\/wp\/v2\/product"}],"about":[{"href":"https:\/\/shop.martinconrad.de\/html\/catalog\/wp-json\/wp\/v2\/types\/product"}],"replies":[{"embeddable":true,"href":"https:\/\/shop.martinconrad.de\/html\/catalog\/wp-json\/wp\/v2\/comments?post=72666"}],"wp:featuredmedia":[{"embeddable":true,"href":"https:\/\/shop.martinconrad.de\/html\/catalog\/wp-json\/wp\/v2\/media\/72647"}],"wp:attachment":[{"href":"https:\/\/shop.martinconrad.de\/html\/catalog\/wp-json\/wp\/v2\/media?parent=72666"}],"wp:term":[{"taxonomy":"product_brand","embeddable":true,"href":"https:\/\/shop.martinconrad.de\/html\/catalog\/wp-json\/wp\/v2\/product_brand?post=72666"},{"taxonomy":"product_cat","embeddable":true,"href":"https:\/\/shop.martinconrad.de\/html\/catalog\/wp-json\/wp\/v2\/product_cat?post=72666"},{"taxonomy":"product_tag","embeddable":true,"href":"https:\/\/shop.martinconrad.de\/html\/catalog\/wp-json\/wp\/v2\/product_tag?post=72666"}],"curies":[{"name":"wp","href":"https:\/\/api.w.org\/{rel}","templated":true}]}}