{"id":72659,"date":"2025-06-27T12:08:22","date_gmt":"2025-06-27T11:08:22","guid":{"rendered":"https:\/\/shop.martinconrad.de\/html\/catalog\/produkt\/artikel-nr-24-092024-gavius-weissburgunder-goldkapsel-mosel-weissburgunder-qualitaetswein-trocken-075l-fuelldatum-sept-2025-ab-sofort-vorzubestellen\/"},"modified":"2025-11-04T18:26:35","modified_gmt":"2025-11-04T17:26:35","slug":"artikel-nr-24-092024-gavius-weissburgunder-goldkapsel-mosel-weissburgunder-qualitaetswein-trocken-075l","status":"publish","type":"product","link":"https:\/\/shop.martinconrad.de\/html\/catalog\/produkt\/artikel-nr-24-092024-gavius-weissburgunder-goldkapsel-mosel-weissburgunder-qualitaetswein-trocken-075l\/","title":{"rendered":"<br>Artikel-Nr.: 24-09<br>2024 GAVIUS Wei\u00dfburgunder GOLDKAPSEL Mosel Wei\u00dfburgunder Qualit\u00e4tswein  trocken 0,75l<br>"},"content":{"rendered":"<p><!-- IBGHTML --><\/p>\n<p>Unser Weissburgunder aus den Schiefersteillagen des Urstromtales der Mosel. Die Trauben f\u00fcr diesen hervorragenden Wei\u00dfburgunder werden sehr sp\u00e4t (meist Ende Oktober) selektiv von Hand geerntet. Die gesunden reifen Trauben mazerisieren ca. 18 Stunden im eigenen Saft bevor der Pressvorgang gestartet wird. Nach der&nbsp;spontanen Verg\u00e4rung im Edelstahl <strong>reift <\/strong>der Wein <strong>4-6 Monate in Barriques<\/strong>. Das Ergebnis ist ein eleganter fruchtig feinw\u00fcrziger Wein mit angenehmem Schmelz, F\u00fclle&nbsp;und&nbsp;dezezenter Holzaromatik.&nbsp;Die Vinifizierung des Weines ist zu 100% VEGAN und BIO-zertifiziert!<strong><\/strong><\/p>\n<p><\/p>\n<table WIDTH=\"60%\" BORDER=\"0\" align=\"left\" CELLPADDING=\"0\" CELLSPACING=\"0\"><\/p>\n<tr>\n<td width=\"53%\">Artikelnummer:<\/td>\n<td width=\"47%\"><strong>24-09<\/strong><\/td>\n<\/tr>\n<p><\/p>\n<tr>\n<td>Inhalt<\/td>\n<td><strong>0,75 Ltr.<\/strong><\/td>\n<\/tr>\n<p><\/p>\n<tr>\n<td>Preis\/Ltr.<\/td>\n<td><strong>33,20 EUR pro Ltr.<\/strong><\/td>\n<\/tr>\n<p><\/p>\n<tr>\n<td>Weinart:<\/td>\n<td><strong>Wei\u00dfwein<\/strong><\/td>\n<\/tr>\n<p><\/p>\n<tr>\n<td>Qualit&auml;tsstufe<\/td>\n<td><strong>Qualit\u00e4tswein<\/strong><\/td>\n<\/tr>\n<p><\/p>\n<tr>\n<td>Rebsorte<\/td>\n<td><strong>Wei\u00dfburgunder<\/strong><\/td>\n<\/tr>\n<p><\/p>\n<tr>\n<td>Restzuckergehalt<\/td>\n<td><strong>3,6 g\/Ltr.<\/strong><\/td>\n<\/tr>\n<p><\/p>\n<tr>\n<td>Alkoholgehalt<\/td>\n<td><strong>12,5 Vol. %<\/strong><\/td>\n<\/tr>\n<p><\/p>\n<tr>\n<td>Bio:<\/td>\n<td><strong>JA<\/strong><\/td>\n<\/tr>\n<p><\/p>\n<tr>\n<td>vegan:<\/td>\n<td><strong>JA<\/strong><\/td>\n<\/tr>\n<p><\/p>\n<tr>\n<td>enth\u00e4lt Allergene:<\/td>\n<td><strong>Sulfite<\/strong><\/td>\n<\/tr>\n<p><\/table>\n","protected":false},"excerpt":{"rendered":"<p>Unser Weissburgunder aus den Schiefersteillagen des Urstromtales der Mosel. Die Trauben f\u00fcr diesen hervorragenden Wei\u00dfburgunder werden sehr sp\u00e4t (meist Ende Oktober) selektiv von Hand geerntet. Die gesunden reifen Trauben mazerisieren ca. 18 Stunden im eigenen Saft bevor der Pressvorgang gestartet wird. Nach der&nbsp;spontanen Verg\u00e4rung im Edelstahl reift der Wein 4-6 Monate in Barriques. Das Ergebnis [&hellip;]<\/p>\n","protected":false},"featured_media":72650,"comment_status":"open","ping_status":"closed","template":"","meta":[],"product_brand":[],"product_cat":[3917],"product_tag":[],"class_list":{"0":"post-72659","1":"product","2":"type-product","3":"status-publish","4":"has-post-thumbnail","6":"product_cat-02-trocken","8":"first","9":"instock","10":"taxable","11":"shipping-taxable","12":"purchasable","13":"product-type-simple"},"_links":{"self":[{"href":"https:\/\/shop.martinconrad.de\/html\/catalog\/wp-json\/wp\/v2\/product\/72659","targetHints":{"allow":["GET"]}}],"collection":[{"href":"https:\/\/shop.martinconrad.de\/html\/catalog\/wp-json\/wp\/v2\/product"}],"about":[{"href":"https:\/\/shop.martinconrad.de\/html\/catalog\/wp-json\/wp\/v2\/types\/product"}],"replies":[{"embeddable":true,"href":"https:\/\/shop.martinconrad.de\/html\/catalog\/wp-json\/wp\/v2\/comments?post=72659"}],"wp:featuredmedia":[{"embeddable":true,"href":"https:\/\/shop.martinconrad.de\/html\/catalog\/wp-json\/wp\/v2\/media\/72650"}],"wp:attachment":[{"href":"https:\/\/shop.martinconrad.de\/html\/catalog\/wp-json\/wp\/v2\/media?parent=72659"}],"wp:term":[{"taxonomy":"product_brand","embeddable":true,"href":"https:\/\/shop.martinconrad.de\/html\/catalog\/wp-json\/wp\/v2\/product_brand?post=72659"},{"taxonomy":"product_cat","embeddable":true,"href":"https:\/\/shop.martinconrad.de\/html\/catalog\/wp-json\/wp\/v2\/product_cat?post=72659"},{"taxonomy":"product_tag","embeddable":true,"href":"https:\/\/shop.martinconrad.de\/html\/catalog\/wp-json\/wp\/v2\/product_tag?post=72659"}],"curies":[{"name":"wp","href":"https:\/\/api.w.org\/{rel}","templated":true}]}}