{"id":72433,"date":"2024-11-24T14:42:27","date_gmt":"2024-11-24T13:42:27","guid":{"rendered":"https:\/\/shop.martinconrad.de\/html\/catalog\/produkt\/artikel-nr-kirchberg-6kirchberg-schaetze-paket-mit-je-einmal-wein-nr-22-02-23-02-20-32-21-32-22-32-23-32-paketpreis-fuer-6-flaschen-a-075-l-statt-11840-e-fuer-nur-10500-e\/"},"modified":"2026-03-17T11:51:30","modified_gmt":"2026-03-17T10:51:30","slug":"artikel-nr-kirchberg-6kirchberg-schaetze-paket-mit-je-einmal-wein-nr-22-02-23-02-20-32-21-32-22-32-23-32-paketpreis-fuer-6-flaschen-a-075-l-statt-11840-e-fuer-nur-10500-e","status":"publish","type":"product","link":"https:\/\/shop.martinconrad.de\/html\/catalog\/produkt\/artikel-nr-kirchberg-6kirchberg-schaetze-paket-mit-je-einmal-wein-nr-22-02-23-02-20-32-21-32-22-32-23-32-paketpreis-fuer-6-flaschen-a-075-l-statt-11840-e-fuer-nur-10500-e\/","title":{"rendered":"<br>Artikel-Nr.: Kirchberg-6<br>KIRCHBERG-SCH\u00c4TZE  &#8211; Paket mit je einmal Wein-Nr.: 22-02, 23-02, 20-32, 21-32, 22-32, 23-32 Paketpreis f\u00fcr 6 Flaschen \u00e1 0,75 l: statt 118,40 \u20ac f\u00fcr nur 105,00 \u20ac<br>"},"content":{"rendered":"<p><!-- IBGHTML --><font size=\"2\"><font face=\"Calibri\"><strong>KIRCHBERG-SCH\u00c4TZE <\/strong>(Nr. Kirchberg-6)<br \/>Unter dem Motto: &#8222;Sch\u00e4tze, die im Steilhang hinter der Kirche wachsen &#8211; entdecke das Besondere&#8220; m\u00f6chten wir Sie, Ihre Freunde oder Familie&nbsp;ins Gespr\u00e4ch bringen.&nbsp;<strong>6 trockene Weine<\/strong> aus der Weinlage <strong>Veldenzer Kirchberg<\/strong> mit unterschiedlichen Maischestandzeiten (6h bis 3 Tagen!) aus verschiedenen Jahrg\u00e4ngen, die&nbsp;spannender nicht sein k\u00f6nnenten!<br \/>Paket mit&nbsp;je einmal Wein-Nr.: 22-02, 23-02 (jeweils 6h Maischestandzeit), 20-32, 21-32, 22-32, 23-32 (jeweils ALTE REBEN mit 36h Maischestandzeit)<br \/>Paketpreis f\u00fcr&nbsp;6 Flaschen \u00e1 0,75 l: statt 118,40 \u20ac f\u00fcr <\/font><\/font><font face=\"Calibri\" size=\"2\"><strong>nur 105,00 \u20ac<\/strong><\/font><\/p>\n<table WIDTH=\"60%\" BORDER=\"0\" align=\"left\" CELLPADDING=\"0\" CELLSPACING=\"0\"><\/p>\n<tr>\n<td width=\"53%\">Artikelnummer:<\/td>\n<td width=\"47%\"><strong>Kirchberg-6<\/strong><\/td>\n<\/tr>\n<p><\/p>\n<tr>\n<td>vegan:<\/td>\n<td><strong>JA<\/strong><\/td>\n<\/tr>\n<p><\/p>\n<tr>\n<td>enth\u00e4lt Allergene:<\/td>\n<td><strong>Sulfite<\/strong><\/td>\n<\/tr>\n<p><\/table>\n","protected":false},"excerpt":{"rendered":"<p>KIRCHBERG-SCH\u00c4TZE (Nr. Kirchberg-6)Unter dem Motto: &#8222;Sch\u00e4tze, die im Steilhang hinter der Kirche wachsen &#8211; entdecke das Besondere&#8220; m\u00f6chten wir Sie, Ihre Freunde oder Familie&nbsp;ins Gespr\u00e4ch bringen.&nbsp;6 trockene Weine aus der Weinlage Veldenzer Kirchberg mit unterschiedlichen Maischestandzeiten (6h bis 3 Tagen!) aus verschiedenen Jahrg\u00e4ngen, die&nbsp;spannender nicht sein k\u00f6nnenten!Paket mit&nbsp;je einmal Wein-Nr.: 22-02, 23-02 (jeweils 6h Maischestandzeit), [&hellip;]<\/p>\n","protected":false},"featured_media":72430,"comment_status":"open","ping_status":"closed","template":"","meta":[],"product_brand":[],"product_cat":[3929],"product_tag":[],"class_list":{"0":"post-72433","1":"product","2":"type-product","3":"status-publish","4":"has-post-thumbnail","6":"product_cat-01-probierpakete-patenschaften-uvm","8":"first","9":"instock","10":"taxable","11":"shipping-taxable","12":"purchasable","13":"product-type-simple"},"_links":{"self":[{"href":"https:\/\/shop.martinconrad.de\/html\/catalog\/wp-json\/wp\/v2\/product\/72433","targetHints":{"allow":["GET"]}}],"collection":[{"href":"https:\/\/shop.martinconrad.de\/html\/catalog\/wp-json\/wp\/v2\/product"}],"about":[{"href":"https:\/\/shop.martinconrad.de\/html\/catalog\/wp-json\/wp\/v2\/types\/product"}],"replies":[{"embeddable":true,"href":"https:\/\/shop.martinconrad.de\/html\/catalog\/wp-json\/wp\/v2\/comments?post=72433"}],"wp:featuredmedia":[{"embeddable":true,"href":"https:\/\/shop.martinconrad.de\/html\/catalog\/wp-json\/wp\/v2\/media\/72430"}],"wp:attachment":[{"href":"https:\/\/shop.martinconrad.de\/html\/catalog\/wp-json\/wp\/v2\/media?parent=72433"}],"wp:term":[{"taxonomy":"product_brand","embeddable":true,"href":"https:\/\/shop.martinconrad.de\/html\/catalog\/wp-json\/wp\/v2\/product_brand?post=72433"},{"taxonomy":"product_cat","embeddable":true,"href":"https:\/\/shop.martinconrad.de\/html\/catalog\/wp-json\/wp\/v2\/product_cat?post=72433"},{"taxonomy":"product_tag","embeddable":true,"href":"https:\/\/shop.martinconrad.de\/html\/catalog\/wp-json\/wp\/v2\/product_tag?post=72433"}],"curies":[{"name":"wp","href":"https:\/\/api.w.org\/{rel}","templated":true}]}}