{"id":72178,"date":"2024-04-25T11:35:23","date_gmt":"2024-04-25T10:35:23","guid":{"rendered":"https:\/\/shop.martinconrad.de\/html\/catalog\/?product=artikel-nr-23-262023-brauneberger-juffer-sonnenuhr-goldkapsel-riesling-beerenauslese-0375l-bio-wein"},"modified":"2025-03-07T10:26:22","modified_gmt":"2025-03-07T09:26:22","slug":"artikel-nr-23-262023-brauneberger-juffer-sonnenuhr-goldkapsel-riesling-beerenauslese-0375l-bio-wein-93-100-punkten-weinplus-weinfuehrer-01-2025","status":"publish","type":"product","link":"https:\/\/shop.martinconrad.de\/html\/catalog\/produkt\/artikel-nr-23-262023-brauneberger-juffer-sonnenuhr-goldkapsel-riesling-beerenauslese-0375l-bio-wein-93-100-punkten-weinplus-weinfuehrer-01-2025\/","title":{"rendered":"<br>Artikel-Nr.: 23-26<br>2023 Brauneberger Juffer-Sonnenuhr GOLDKAPSEL Riesling Beerenauslese   0,375l (BIO-Wein) &#8211; 93\/100 Punkten WeinPlus-Weinf\u00fchrer 01-2025<br>"},"content":{"rendered":"<p><!-- IBGHTML -->Frischer Duft nach reifen \u00c4pfeln, Orangen, Honig und Cassis, mineralisch w\u00fcrzig im Mund, reife ausdrucksstarke und&nbsp;animierende S\u00e4ure. Ein gro\u00dfartiger Gaumenschmaus!<strong> <br \/>nur 199 Flaschen verf\u00fcgbar!<br \/>93\/100 Punkten: WeinPlus-Weinf\u00fchrer 01-2025: <a href=\"https:\/\/weinfuehrer.wein.plus\/weingut-martin-conrad\/2023-brauneberg-juffer-sonnenuhr-beerenauslese-mosel#wine-info\">https:\/\/weinfuehrer.wein.plus\/weingut-martin-conrad\/2023-brauneberg-juffer-sonnenuhr-beerenauslese-mosel#wine-info<\/a><\/strong><\/p>\n<table WIDTH=\"60%\" BORDER=\"0\" align=\"left\" CELLPADDING=\"0\" CELLSPACING=\"0\"><\/p>\n<tr>\n<td width=\"53%\">Artikelnummer:<\/td>\n<td width=\"47%\"><strong>23-26<\/strong><\/td>\n<\/tr>\n<p><\/p>\n<tr>\n<td>Inhalt<\/td>\n<td><strong>0,375 Ltr.<\/strong><\/td>\n<\/tr>\n<p><\/p>\n<tr>\n<td>Preis\/Ltr.<\/td>\n<td><strong>184,00 EUR pro Ltr.<\/strong><\/td>\n<\/tr>\n<p><\/p>\n<tr>\n<td>Weinart:<\/td>\n<td><strong>Wei\u00dfwein<\/strong><\/td>\n<\/tr>\n<p><\/p>\n<tr>\n<td>Qualit&auml;tsstufe<\/td>\n<td><strong>Beerenauslese<\/strong><\/td>\n<\/tr>\n<p><\/p>\n<tr>\n<td>Rebsorte<\/td>\n<td><strong>Riesling<\/strong><\/td>\n<\/tr>\n<p><\/p>\n<tr>\n<td>Restzuckergehalt<\/td>\n<td><strong><\/strong><\/td>\n<\/tr>\n<p><\/p>\n<tr>\n<td>Alkoholgehalt<\/td>\n<td><strong><\/strong><\/td>\n<\/tr>\n<p><\/p>\n<tr>\n<td>Bio:<\/td>\n<td><strong>JA<\/strong><\/td>\n<\/tr>\n<p><\/p>\n<tr>\n<td>vegan:<\/td>\n<td><strong>JA<\/strong><\/td>\n<\/tr>\n<p><\/p>\n<tr>\n<td>enth\u00e4lt Allergene:<\/td>\n<td><strong>Sulfite<\/strong><\/td>\n<\/tr>\n<p><\/table>\n","protected":false},"excerpt":{"rendered":"<p>Frischer Duft nach reifen \u00c4pfeln, Orangen, Honig und Cassis, mineralisch w\u00fcrzig im Mund, reife ausdrucksstarke und&nbsp;animierende S\u00e4ure. Ein gro\u00dfartiger Gaumenschmaus! nur 199 Flaschen verf\u00fcgbar!93\/100 Punkten: WeinPlus-Weinf\u00fchrer 01-2025: https:\/\/weinfuehrer.wein.plus\/weingut-martin-conrad\/2023-brauneberg-juffer-sonnenuhr-beerenauslese-mosel#wine-info Artikelnummer: 23-26 Inhalt 0,375 Ltr. Preis\/Ltr. 184,00 EUR pro Ltr. Weinart: Wei\u00dfwein Qualit&auml;tsstufe Beerenauslese Rebsorte Riesling Restzuckergehalt Alkoholgehalt Bio: JA vegan: JA enth\u00e4lt Allergene: Sulfite<\/p>\n","protected":false},"featured_media":72176,"comment_status":"open","ping_status":"closed","template":"","meta":[],"product_brand":[],"product_cat":[3919],"product_tag":[],"class_list":{"0":"post-72178","1":"product","2":"type-product","3":"status-publish","4":"has-post-thumbnail","6":"product_cat-06-edelsuess","8":"first","9":"instock","10":"taxable","11":"shipping-taxable","12":"purchasable","13":"product-type-simple"},"_links":{"self":[{"href":"https:\/\/shop.martinconrad.de\/html\/catalog\/wp-json\/wp\/v2\/product\/72178","targetHints":{"allow":["GET"]}}],"collection":[{"href":"https:\/\/shop.martinconrad.de\/html\/catalog\/wp-json\/wp\/v2\/product"}],"about":[{"href":"https:\/\/shop.martinconrad.de\/html\/catalog\/wp-json\/wp\/v2\/types\/product"}],"replies":[{"embeddable":true,"href":"https:\/\/shop.martinconrad.de\/html\/catalog\/wp-json\/wp\/v2\/comments?post=72178"}],"wp:featuredmedia":[{"embeddable":true,"href":"https:\/\/shop.martinconrad.de\/html\/catalog\/wp-json\/wp\/v2\/media\/72176"}],"wp:attachment":[{"href":"https:\/\/shop.martinconrad.de\/html\/catalog\/wp-json\/wp\/v2\/media?parent=72178"}],"wp:term":[{"taxonomy":"product_brand","embeddable":true,"href":"https:\/\/shop.martinconrad.de\/html\/catalog\/wp-json\/wp\/v2\/product_brand?post=72178"},{"taxonomy":"product_cat","embeddable":true,"href":"https:\/\/shop.martinconrad.de\/html\/catalog\/wp-json\/wp\/v2\/product_cat?post=72178"},{"taxonomy":"product_tag","embeddable":true,"href":"https:\/\/shop.martinconrad.de\/html\/catalog\/wp-json\/wp\/v2\/product_tag?post=72178"}],"curies":[{"name":"wp","href":"https:\/\/api.w.org\/{rel}","templated":true}]}}