{"id":71850,"date":"2023-08-17T11:34:21","date_gmt":"2023-08-17T10:34:21","guid":{"rendered":"https:\/\/shop.martinconrad.de\/html\/catalog\/?product=artikel-nr-21-322021-veldenzer-kirchberg-alte-reben-riesling-qualitaetswein-trocken-075l"},"modified":"2026-01-20T14:46:06","modified_gmt":"2026-01-20T13:46:06","slug":"artikel-nr-21-322021-veldenzer-kirchberg-alte-reben-riesling-qualitaetswein-trocken-075l","status":"publish","type":"product","link":"https:\/\/shop.martinconrad.de\/html\/catalog\/produkt\/artikel-nr-21-322021-veldenzer-kirchberg-alte-reben-riesling-qualitaetswein-trocken-075l\/","title":{"rendered":"<br>Artikel-Nr.: 21-32<br>2021 Veldenzer Kirchberg ALTE REBEN Riesling Qualit\u00e4tswein  trocken 0,75l *<br>"},"content":{"rendered":"<p><!-- IBGHTML -->Hochwertige handverlesene Selektion von unseren \u00e4ltesten \u00fcber 50 Jahre alten Rebst\u00f6cken,&nbsp;teileise auf der Maische vergoren, besonders extraktreich, mineralisch-fruchtig und w\u00fcrzig im Geschmack. Der Wein wurde ausschlie\u00dflich mit nat\u00fcrlichen Hefen vergoren und ist zu 100% VEGAN vinifiziert. Ein Wein mit&nbsp;gutem Reifepotential f\u00fcr die kommenden 5-10 Jahre und ein hervorragender Begleiter zu aromatischen Speisen. <\/p>\n<p><\/p>\n<table WIDTH=\"60%\" BORDER=\"0\" align=\"left\" CELLPADDING=\"0\" CELLSPACING=\"0\"><\/p>\n<tr>\n<td width=\"53%\">Artikelnummer:<\/td>\n<td width=\"47%\"><strong>21-32<\/strong><\/td>\n<\/tr>\n<p><\/p>\n<tr>\n<td>Inhalt<\/td>\n<td><strong>0,75 Ltr.<\/strong><\/td>\n<\/tr>\n<p><\/p>\n<tr>\n<td>Preis\/Ltr.<\/td>\n<td><strong>29,20 EUR pro Ltr.<\/strong><\/td>\n<\/tr>\n<p><\/p>\n<tr>\n<td>Weinart:<\/td>\n<td><strong>Wei\u00dfwein<\/strong><\/td>\n<\/tr>\n<p><\/p>\n<tr>\n<td>Qualit&auml;tsstufe<\/td>\n<td><strong>Qualit\u00e4tswein<\/strong><\/td>\n<\/tr>\n<p><\/p>\n<tr>\n<td>Rebsorte<\/td>\n<td><strong>Riesling<\/strong><\/td>\n<\/tr>\n<p><\/p>\n<tr>\n<td>Restzuckergehalt<\/td>\n<td><strong><\/strong><\/td>\n<\/tr>\n<p><\/p>\n<tr>\n<td>Alkoholgehalt<\/td>\n<td><strong>12,5 Vol. %<\/strong><\/td>\n<\/tr>\n<p><\/p>\n<tr>\n<td>Bio:<\/td>\n<td><strong>NEIN<\/strong><\/td>\n<\/tr>\n<p><\/p>\n<tr>\n<td>vegan:<\/td>\n<td><strong>JA<\/strong><\/td>\n<\/tr>\n<p><\/p>\n<tr>\n<td>enth\u00e4lt Allergene:<\/td>\n<td><strong>Sulfite<\/strong><\/td>\n<\/tr>\n<p><\/table>\n","protected":false},"excerpt":{"rendered":"<p>Hochwertige handverlesene Selektion von unseren \u00e4ltesten \u00fcber 50 Jahre alten Rebst\u00f6cken,&nbsp;teileise auf der Maische vergoren, besonders extraktreich, mineralisch-fruchtig und w\u00fcrzig im Geschmack. Der Wein wurde ausschlie\u00dflich mit nat\u00fcrlichen Hefen vergoren und ist zu 100% VEGAN vinifiziert. Ein Wein mit&nbsp;gutem Reifepotential f\u00fcr die kommenden 5-10 Jahre und ein hervorragender Begleiter zu aromatischen Speisen. Artikelnummer: 21-32 Inhalt [&hellip;]<\/p>\n","protected":false},"featured_media":72849,"comment_status":"open","ping_status":"closed","template":"","meta":[],"product_brand":[],"product_cat":[3917],"product_tag":[],"class_list":{"0":"post-71850","1":"product","2":"type-product","3":"status-publish","4":"has-post-thumbnail","6":"product_cat-02-trocken","8":"first","9":"instock","10":"taxable","11":"shipping-taxable","12":"purchasable","13":"product-type-simple"},"_links":{"self":[{"href":"https:\/\/shop.martinconrad.de\/html\/catalog\/wp-json\/wp\/v2\/product\/71850","targetHints":{"allow":["GET"]}}],"collection":[{"href":"https:\/\/shop.martinconrad.de\/html\/catalog\/wp-json\/wp\/v2\/product"}],"about":[{"href":"https:\/\/shop.martinconrad.de\/html\/catalog\/wp-json\/wp\/v2\/types\/product"}],"replies":[{"embeddable":true,"href":"https:\/\/shop.martinconrad.de\/html\/catalog\/wp-json\/wp\/v2\/comments?post=71850"}],"wp:featuredmedia":[{"embeddable":true,"href":"https:\/\/shop.martinconrad.de\/html\/catalog\/wp-json\/wp\/v2\/media\/72849"}],"wp:attachment":[{"href":"https:\/\/shop.martinconrad.de\/html\/catalog\/wp-json\/wp\/v2\/media?parent=71850"}],"wp:term":[{"taxonomy":"product_brand","embeddable":true,"href":"https:\/\/shop.martinconrad.de\/html\/catalog\/wp-json\/wp\/v2\/product_brand?post=71850"},{"taxonomy":"product_cat","embeddable":true,"href":"https:\/\/shop.martinconrad.de\/html\/catalog\/wp-json\/wp\/v2\/product_cat?post=71850"},{"taxonomy":"product_tag","embeddable":true,"href":"https:\/\/shop.martinconrad.de\/html\/catalog\/wp-json\/wp\/v2\/product_tag?post=71850"}],"curies":[{"name":"wp","href":"https:\/\/api.w.org\/{rel}","templated":true}]}}